 138. Let b = w + -127. What is the units digit of (-2)/((-16)/30) + b/28?
3
Suppose -2*a + 23 = 5*u + 1, -u + a + 3 = 0. Let n(w) = 7*w**2 + 3*w**2 + 0*w**2 - u*w + 8. What is the units digit of n(3)?
6
Let c(b) be the first derivative of b**3/3 - b**2/2 + 24*b - 68. Let d be 22/6*3/(-1). What is the hundreds digit of c(d)?
1
Let h(g) = 2*g**3 + 12*g**2 + 13*g + 6. Let i(w) = -2*w**3 - 11*w**2 - 12*w - 5. Let r(s) = 4*h(s) + 5*i(s). What is the tens digit of r(-7)?
9
Let b = 36910 - 21071. What is the ten thousands digit of b?
1
Let y be 75/(-10)*(0 - 2). Suppose -28 = -i + y. What is the tens digit of i?
4
Suppose -5*a = -p + 2*p + 185, -p - 209 = -a. What is the units digit of (-83066)/p - 4/(-5)?
6
Suppose -167855 - 172597 = 9*r - 27*r. What is the ten thousands digit of r?
1
Suppose 4*b - 3*j + 2327 = 0, 4*b + 1743 = b + 3*j. Let s be 15/(-35) - b/7. Suppose 4*k - 7 = 2*f + 295, 3*f = k - s. What is the units digit of k?
4
Let r(g) = 3*g**2 - 3*g + 23. Let s be r(0). What is the units digit of -2 - s/(23/(-762))?
0
Let g(d) = -1911*d - 985. What is the thousands digit of g(-3)?
4
Let b(a) = -a**2 - 8*a - 10. Let f be b(-6). Suppose -3*i - 1064 = -f*h, -22*h - 3*i - 1590 = -25*h. What is the units digit of h?
6
Suppose 14*c + 4068 = 18*c. Suppose 0 = 5*w - c - 833. What is the units digit of w?
0
What is the units digit of 713/1 - (-11)/(209/152)?
1
Suppose 2*k = 5*w + 911, -5*k - 827 + 3064 = w. Let r = 720 - k. What is the hundreds digit of r?
2
Suppose 4*k + 65 = 17*k. Let c be k - (16 + -5 - -2). What is the units digit of (-252)/(-112) - (-1 + (-2)/c)?
3
Let t = 21 + -13. Suppose 0 = -3*s + 4*c - 56, -3*c + 109 = -5*s + 34. What is the hundreds digit of -75*(256/s)/t?
2
Suppose 0*c + 5*c + 26 = o, 5*o = c + 202. Suppose o + 19 = 5*v. What is the units digit of (v/(-8))/(6/(-68)) - -4?
1
Let a = 71 + -69. Suppose 2544 = a*j - 2*v, 5*j = -6*v + 9*v + 6354. What is the thousands digit of j?
1
What is the thousands digit of 1 + (-6)/8 + 51/4488*4602994?
2
Suppose -40*v - 20688 + 36669 = -38339. What is the tens digit of v?
5
Let o(n) = 4*n**2 - 99*n - 211. What is the tens digit of o(84)?
9
Let k be (-2 - 0 - -1) + 82/(-2). Let o = k - -41. What is the hundreds digit of 108 + 7/o*4/(-14)?
1
Let n = 10232 - 1132. What is the units digit of n?
0
What is the units digit of (-1)/(6*8/(-24))*101630?
5
Let l(k) = -96*k**3 - k**2 + 3*k - 2. Let y be l(1). Let s = 110 + y. What is the units digit of s?
4
Suppose 3*a + 72 - 105 = 0. Let l(b) = 3*b**3 - 32*b**2 + 3*b - 16. What is the tens digit of l(a)?
3
Suppose 850*i = 859*i - 65952. What is the thousands digit of i?
7
Suppose -3*d + 3*k + 9 = -7*d, -5*d - 4*k - 12 = 0. Suppose -3*r = 5*g - 2*g - 738, 4*r - 4*g - 960 = d. What is the hundreds digit of r?
2
Let l(c) = 404*c + 4549. What is the hundreds digit of l(12)?
3
Suppose 4*p + 11 + 11 = 2*o, p - 4*o + 16 = 0. Let m(f) = 8*f**2 - 6*f - 5. What is the tens digit of m(p)?
4
Suppose 9 = 3*s, 659*q - s = 664*q - 16483. What is the thousands digit of q?
3
Suppose 143 = 3*v + n, 3*n + 0*n = 4*v - 208. Let s = v - 25. Let g = 31 - s. What is the units digit of g?
7
Let w = -5631 + 5646. Suppose -13 = -4*l + 3. Suppose -15 = -o + l*u, 2*u = -o + w + 6. What is the tens digit of o?
1
Let z be (-1)/(-2)*(13 + (-1 - 4)). What is the tens digit of 1626/18 + z + (-32)/6?
8
Let n(u) = -u - 7. Let i be n(-8). What is the units digit of 4 + i/(5292/(-1324) + 4)?
5
Let x be (7 - -2)*1 + -3. Suppose 639 = -3*b + x*b. Suppose 13*o - b = 12*o. What is the hundreds digit of o?
2
Suppose -101*m + 32 = -109*m. What is the tens digit of (-2650)/m - (-225)/(-90)?
6
What is the tens digit of 160/256 + 93/(-8) + 35924?
1
Let m be (18 - 0)*(-2)/(-12). What is the tens digit of ((1 - -117) + -1*m)/1?
1
Let o = -1755 + 1895. Let f(b) = 7*b**2 - 7*b - 2. Let i be f(6). Suppose 6*j = o + i. What is the tens digit of j?
5
Suppose 7*z = 114 - 849. Let m = -103 - z. Suppose -m*r + q = 5*q - 490, -3*q + 9 = 0. What is the tens digit of r?
3
Suppose -545307 - 1044329 = -39*u - 292964. What is the thousands digit of u?
3
Suppose -2*w - 19 = -3*i, 4*i - 42 = w - 10. Suppose k - i = -12, -f + 534 = -4*k. What is the tens digit of f?
2
What is the tens digit of (-11 + 170872/65)*5?
8
Suppose -9*r + 23 = -13. What is the tens digit of 10/45*-3*-801 - r?
3
Let n(u) = -u + 8. Let y(s) = 4*s**2 + 13*s - 5. Let m(r) = -3*r**2 - 9*r + 3. Let f(b) = 7*m(b) + 5*y(b). Let a be f(3). What is the tens digit of n(a)?
1
Let j be (-5)/1*(-6)/(-20)*-12. Let n = 13 - 12. Let f = n + j. What is the tens digit of f?
1
Suppose 38 = 3*y - w - 0*w, -5*y - 3*w = -68. Suppose 104*f - 102*f = 12. Let g = y - f. What is the units digit of g?
7
Let b be (-795)/(4 - 7)*-2. Let r = b + 864. What is the units digit of r?
4
Let n = -1795 - -2523. Let z = n - -651. What is the hundreds digit of z?
3
Suppose -2*o = 5*q + 99, -59 + 244 = -4*o + 3*q. Let v = -25 - o. Let w = 155 - v. What is the hundreds digit of w?
1
Let p = -284 + 511. Let q = p + 0. What is the tens digit of q?
2
Let g be (0 + 61)*(-84)/(-6). Let v = 542 - g. What is the tens digit of (v/(-16) + (-1)/(-2))*7?
4
Let p be (-3)/(1 + -1 + (-3)/15). Let c(a) = a**3 - 14*a**2 - 15*a. Let d be c(p). Suppose 10*s - 200 = -d*s. What is the tens digit of s?
2
What is the tens digit of ((-19)/95 + 1)*115*95?
4
Let b(m) = -17*m - 4. Let c be b(3). Let d = -198 + 176. What is the units digit of (d/c - (-11)/10)*24?
6
Suppose 0*b = 2*b + 34. Let w = -79 + 58. Let d = b - w. What is the units digit of d?
4
Let r be (-7)/(-28)*-4*-73. Suppose 63*q + 10500 = r*q. What is the thousands digit of q?
1
Let o = 52253 - 31555. What is the hundreds digit of o?
6
Suppose -22*y = 16*y - 218158. Suppose -13*s + 876 = -y. What is the tens digit of s?
0
Let p = 4101 - -12784. What is the hundreds digit of p?
8
Let h(t) = 13 - 7*t + 6*t**2 - t - 5*t - 3*t**2. Let o be h(-10). Suppose 4*q - 354 = -3*x, -6*q + q - 4*x = -o. What is the tens digit of q?
8
What is the hundreds digit of 4537/(3 - 2) - 105/(-75)*5?
5
Let s(j) = 2*j**3 + 2*j - 2. Let z be s(0). Let x(h) = 16*h**2 - 2*h - 8. What is the tens digit of x(z)?
6
Let w be ((-264)/(-9))/1*3. Suppose -s = 3*s - w. What is the units digit of 906/s + 8/(-44)?
1
What is the tens digit of -259 + 270 - -2*(-43126)/(-4)?
7
Suppose 1 = h - 1. Suppose -3*b + 6*t = 2*t - 108, -212 = -5*b - 4*t. What is the units digit of (5/(-2))/((-2)/b) - h?
8
What is the tens digit of (-1)/10 - 15239620/(-2200)?
2
Let v(j) = -2227*j - 3004. What is the hundreds digit of v(-10)?
2
Let j(z) be the third derivative of -19*z**4/24 - 23*z**3/6 + 31*z**2 - 2*z. What is the tens digit of j(-19)?
3
Let i(t) = -2827*t - 965. What is the thousands digit of i(-4)?
0
Let g(t) = 5*t**2 - 5*t - 82. Let n be g(-21). What is the hundreds digit of 9/(-27) + n*(-2)/(-12)?
3
Let u(d) = d**2 + 7*d + 12. Let x be u(-4). Suppose x = 2*p - 15*p + 7774. What is the units digit of p?
8
Let j be 42/(-4)*28/21. Let g = -241 - -347. Let l = j + g. What is the units digit of l?
2
Let l(k) = 3*k**2 - 29*k - 15. Let d be l(-10). Let r = d + 28. What is the tens digit of r?
0
Let z(c) = 2*c**2 + 29*c - 51. Let j be 1 + 3 + -41 + 10. What is the tens digit of z(j)?
2
Suppose 250052 + 359917 - 43893 = 69*b. What is the thousands digit of b?
8
Let f be 8/3 + 8/(-12). Suppose 6*w - 3*w = f*k + 249, -3*w = k - 240. Let q = w - 36. What is the tens digit of q?
4
Let z = 58623 + -23235. What is the ten thousands digit of z?
3
What is the hundreds digit of (-42)/(-10) - (17 + -5)/60 - -15725?
7
Let g(a) = -2*a**3 + 5*a**2 - 11*a + 34917. What is the ten thousands digit of g(0)?
3
Let c(f) be the second derivative of f**5/20 - f**4 - 13*f**3/6 + 41*f**2/2 - 14*f - 8. What is the units digit of c(13)?
1
What is the tens digit of 420/105 + (1 - 3) + 4028?
3
Let d(v) be the second derivative of v**5/20 - 13*v**4/12 + 5*v**3/6 - 4*v**2 - 9*v. Let n be d(13). Let s = 128 - n. What is the tens digit of s?
7
Suppose -5*x + 4*h = -9561, -2*x + 2*h - 7654 = -6*x. Let s = -500 + x. What is the thousands digit of s?
1
What is the units digit of (354/236)/((-2593364)/648344 - -4)?
3
Let t(g) = 20*g**2 + 129*g + 3089. What is the ten thousands digit of t(-39)?
2
Suppose -d + 3*p + 14 = -14, 3